{"id":4048,"date":"2019-06-26T19:26:05","date_gmt":"2019-06-26T19:26:05","guid":{"rendered":"http:\/\/www.tce-edm.cz\/?page_id=4048"},"modified":"2019-06-26T19:29:45","modified_gmt":"2019-06-26T19:29:45","slug":"podminky-pro-zpracovani-osobnich-udaju","status":"publish","type":"page","link":"https:\/\/www.tce-edm.cz\/?page_id=4048","title":{"rendered":"Podm\u00ednky pro zpracov\u00e1n\u00ed osobn\u00edch \u00fadaj\u016f"},"content":{"rendered":"<div class=\"wpb-content-wrapper\"><p>[vc_row css=&#8221;.vc_custom_1561570009144{padding-top: 60px !important;padding-bottom: 60px !important;}&#8221;][vc_column][vc_column_text]<\/p>\r\n<h1><strong><span style=\"color: #0071bc;\">Podm\u00ednky zpracov\u00e1n\u00ed osobn\u00edch \u00fadaj\u016f<\/span><\/strong><\/h1>\r\n<p>[\/vc_column_text][\/vc_column][\/vc_row][vc_row][vc_column][vc_column_text]<\/p>\r\n<p>Ochrana osobn\u00edch \u00fadaj\u016f<\/p>\r\n\r\n<p>Pokud jste na\u0161\u00edm z\u00e1kazn\u00edkem, odb\u011bratelem novinek nebo n\u00e1v\u0161t\u011bvn\u00edkem webu, sv\u011b\u0159ujete n\u00e1m sv\u00e9 osobn\u00ed \u00fadaje. My zodpov\u00edd\u00e1me za jejich ochranu a zabezpe\u010den\u00ed. Pros\u00edm seznamte se s ochranou osobn\u00edch \u00fadaj\u016f, z\u00e1sadami a pr\u00e1vy, kter\u00e9 m\u00e1te v souvislosti s GDPR<\/p>\r\n\r\n<p>Kdo je spr\u00e1vce?<\/p>\r\n\r\n<p>Jsme spole\u010dnost TCE s.r.o., I\u010cO 03154297, se s\u00eddlem Husova 558, 440 01 Louny , \u010cesk\u00e1 republika veden\u00e1 u Krajsk\u00e9ho soudu v \u00dast\u00ed nad Labem, spisov\u00e1 zna\u010dka C 34367. Va\u0161e osobn\u00ed \u00fadaje zpracov\u00e1v\u00e1me jako spr\u00e1vce, tj. ur\u010dujeme, jak budou osobn\u00ed \u00fadaje zpracov\u00e1v\u00e1ny a za jak\u00fdm \u00fa\u010delem, po jak dlouhou dobu a vyb\u00edr\u00e1m p\u0159\u00edpadn\u00e9 dal\u0161\u00ed zpracovatele, kte\u0159\u00ed n\u00e1m se zpracov\u00e1n\u00edm budou pom\u00e1hat.<\/p>\r\n\r\n<p>Kontaktn\u00ed \u00fadaje<\/p>\r\n\r\n<p>Pokud se na n\u00e1s budete cht\u00edt v pr\u016fb\u011bhu zpracov\u00e1n\u00ed obr\u00e1tit, m\u016f\u017eete n\u00e1s kontaktovat na tel. \u010d\u00edsle +420 415 655 665 nebo na e-mail: jholy@penta-edm.cz.<\/p>\r\n\r\n<p>Prohla\u0161ujeme<\/p>\r\n\r\n<p>Prohla\u0161ujeme, \u017ee jako spr\u00e1vce va\u0161ich osobn\u00edch \u00fadaj\u016f spl\u0148ujeme ve\u0161ker\u00e9 z\u00e1konn\u00e9 povinnosti vy\u017eadovan\u00e9 platnou legislativou, zejm\u00e9na z\u00e1konem o ochran\u011b osobn\u00edch \u00fadaj\u016f a GDPR, a tedy \u017ee:<\/p>\r\n\r\n<p>budeme zpracov\u00e1vat va\u0161e osobn\u00ed \u00fadaje jen na z\u00e1klad\u011b platn\u00e9ho pr\u00e1vn\u00edho d\u016fvodu, a to p\u0159edev\u0161\u00edm opr\u00e1vn\u011bn\u00e9ho z\u00e1jmu, pln\u011bn\u00ed smlouvy, z\u00e1konn\u00e9 povinnosti \u010di ud\u011blen\u00e9ho souhlasu,<\/p>\r\n\r\n<p>pln\u00edme dle \u010dl\u00e1nku 13 GDPR informa\u010dn\u00ed povinnost je\u0161t\u011b p\u0159ed zah\u00e1jen\u00edm zpracov\u00e1n\u00ed osobn\u00edch \u00fadaj\u016f,<\/p>\r\n\r\n<p>umo\u017en\u00edme v\u00e1m uplat\u0148ov\u00e1n\u00ed a pln\u011bn\u00ed va\u0161ich pr\u00e1v podle z\u00e1kona o ochran\u011b osobn\u00edch \u00fadaj\u016f a GDPR a\u00a0budeme v\u00e1s v\u00a0n\u011bm podporovat.<\/p>\r\n\r\n<p>Rozsah osobn\u00edch \u00fadaj\u016f a \u00fa\u010dely zpracov\u00e1n\u00ed<\/p>\r\n\r\n<p>Zpracov\u00e1v\u00e1me osobn\u00ed \u00fadaje, kter\u00e9 n\u00e1m sv\u011b\u0159\u00edte sami, a to z n\u00e1sleduj\u00edc\u00edch d\u016fvod\u016f (pro napln\u011bn\u00ed t\u011bchto \u00fa\u010del\u016f):<\/p>\r\n<p>\u00a0<\/p>\r\n\r\n<ul class=\"wp-block-list\">\r\n<li>poskytov\u00e1n\u00ed slu\u017eeb, pln\u011bn\u00ed smlouvy<br \/>va\u0161e osobn\u00ed \u00fadaje v rozsahu: e-mail a telefon nezbytn\u011b pot\u0159ebujeme k pln\u011bn\u00ed smlouvy<\/li>\r\n<li>veden\u00ed \u00fa\u010detnictv\u00ed<br \/>Jste-li z\u00e1kazn\u00edky, va\u0161e osobn\u00ed \u00fadaje (faktura\u010dn\u00ed \u00fadaje) nezbytn\u011b pot\u0159ebujeme, abychom vyhov\u011bli z\u00e1konn\u00e9 povinnosti pro vystavov\u00e1n\u00ed a evidenci da\u0148ov\u00fdch doklad\u016f.<\/li>\r\n<li>marketing \u2013 zas\u00edl\u00e1n\u00ed newsletter\u016f<br \/>Va\u0161e osobn\u00ed \u00fadaje (e-mail a jm\u00e9no), pohlav\u00ed, na co klik\u00e1te v e-mailu a kdy je nej\u010dast\u011bji otev\u00edr\u00e1te, vyu\u017e\u00edv\u00e1me za \u00fa\u010delem p\u0159\u00edm\u00e9ho marketingu \u2013 zas\u00edl\u00e1n\u00ed obchodn\u00edch sd\u011blen\u00ed. Jste-li na\u0161\u00edm z\u00e1kazn\u00edkem, d\u011bl\u00e1me tak z opr\u00e1vn\u011bn\u00e9ho z\u00e1jmu, nebo\u0165 d\u016fvodn\u011b p\u0159edpokl\u00e1d\u00e1me, \u017ee v\u00e1s na\u0161e novinky zaj\u00edmaj\u00ed, a to po dobu 5 let od posledn\u00ed objedn\u00e1vky.<br \/>Pokud nejste na\u0161\u00edm z\u00e1kazn\u00edkem, zas\u00edl\u00e1me v\u00e1m newslettery jen na z\u00e1klad\u011b va\u0161eho souhlasu, po dobu 5 let od ud\u011blen\u00ed. V obou p\u0159\u00edpadech m\u016f\u017eete tento souhlas odvolat pou\u017eit\u00edm odhla\u0161ovac\u00edho odkazu v ka\u017ed\u00e9m zaslan\u00e9m e-mailu.<\/li>\r\n<\/ul>\r\n\r\n<p>Va\u0161e osobn\u00ed \u00fadaje si ponech\u00e1v\u00e1me po dobu b\u011bhu proml\u010dec\u00edch lh\u016ft, pokud z\u00e1kon nestanov\u00ed del\u0161\u00ed dobu k jejich uchov\u00e1n\u00ed nebo jsme v konkr\u00e9tn\u00edch p\u0159\u00edpadech neuvedli jinak.<\/p>\r\n\r\n<p>Cookies<\/p>\r\n\r\n<p>P\u0159i proch\u00e1zen\u00ed na\u0161ich webov\u00fdch str\u00e1nek zaznamen\u00e1v\u00e1me va\u0161i IP adresu, jak dlouho se na str\u00e1nce zdr\u017e\u00edte a ze kter\u00e9 str\u00e1nky p\u0159ich\u00e1z\u00edte. Pou\u017e\u00edv\u00e1n\u00ed cookies pro m\u011b\u0159en\u00ed n\u00e1v\u0161t\u011bvnosti webu a p\u0159izp\u016fsoben\u00ed zobrazen\u00ed webov\u00fdch str\u00e1nek vn\u00edm\u00e1me jako sv\u016fj opr\u00e1vn\u011bn\u00fd z\u00e1jem spr\u00e1vce, nebo\u0165 v\u011b\u0159\u00edme, \u017ee d\u00edky tomu v\u00e1m m\u016f\u017eeme nab\u00eddnout je\u0161t\u011b lep\u0161\u00ed slu\u017eby.<\/p>\r\n\r\n<p>Cookies pro c\u00edlen\u00ed reklamy budou zpracov\u00e1v\u00e1ny jen na z\u00e1klad\u011b va\u0161eho souhlasu.<\/p>\r\n\r\n<p>Na\u0161e webov\u00e9 str\u00e1nky lze proch\u00e1zet tak\u00e9 v re\u017eimu, kter\u00fd neumo\u017e\u0148uje sb\u00edr\u00e1n\u00ed osobn\u00edch \u00fadaj\u016f. Pou\u017e\u00edv\u00e1n\u00ed cookies m\u016f\u017eete na sv\u00e9m po\u010d\u00edta\u010di zak\u00e1zat.<\/p>\r\n\r\n<p>Zabezpe\u010den\u00ed a ochrana osobn\u00edch \u00fadaj\u016f<\/p>\r\n\r\n<p>Chr\u00e1n\u00edme osobn\u00ed \u00fadaje v maxim\u00e1ln\u00ed mo\u017en\u00e9 m\u00ed\u0159e pomoc\u00ed modern\u00edch technologi\u00ed, kter\u00e9 odpov\u00eddaj\u00ed stupni technick\u00e9ho rozvoje. Chr\u00e1n\u00edme je, jako by byly na\u0161e vlastn\u00ed. P\u0159ijali jsme a udr\u017eujeme ve\u0161ker\u00e1 mo\u017en\u00e1 (aktu\u00e1ln\u011b zn\u00e1m\u00e1) technick\u00e1 a organiza\u010dn\u00ed opat\u0159en\u00ed, kter\u00e1 zamezuj\u00ed zneu\u017eit\u00ed, po\u0161kozen\u00ed nebo zni\u010den\u00ed va\u0161ich osobn\u00edch \u00fadaj\u016f.<\/p>\r\n\r\n<p>P\u0159ed\u00e1n\u00ed osobn\u00edch \u00fadaj\u016f t\u0159et\u00edm osob\u00e1m<\/p>\r\n\r\n<p>K va\u0161im osobn\u00edm \u00fadaj\u016fm maj\u00ed p\u0159\u00edstup na\u0161i zam\u011bstnanci a spolupracovn\u00edci.<\/p>\r\n\r\n<p>Pro zaji\u0161t\u011bn\u00ed konkr\u00e9tn\u00edch zpracovatelsk\u00fdch operac\u00ed, kter\u00e9 nedok\u00e1\u017eeme zajistit vlastn\u00edmi silami, vyu\u017e\u00edv\u00e1me slu\u017eeb a aplikac\u00ed zpracovatel\u016f, kte\u0159\u00ed um\u00ed data ochr\u00e1nit je\u0161t\u011b l\u00e9pe ne\u017e my a na dan\u00e9 zpracov\u00e1n\u00ed se specializuj\u00ed.<\/p>\r\n\r\n<p>Jsou to poskytovatel\u00e9 platforem \u010di slu\u017eeb pro projektov\u00fd management, p\u0159\u00edm\u00fd marketing a \u00fa\u010detnictv\u00ed.<\/p>\r\n\r\n<p>Je mo\u017en\u00e9, \u017ee se v budoucnu rozhodneme vyu\u017e\u00edt dal\u0161\u00ed aplikace \u010di zpracovatele, pro usnadn\u011bn\u00ed a zkvalitn\u011bn\u00ed zpracov\u00e1n\u00ed. \u00a0Slibujeme v\u00e1m v\u0161ak, \u017ee v takov\u00e9m p\u0159\u00edpad\u011b p\u0159i v\u00fdb\u011bru, budeme na zpracovatele kl\u00e1st minim\u00e1ln\u011b stejn\u00e9 n\u00e1roky na zabezpe\u010den\u00ed a kvalitu zpracov\u00e1n\u00ed jako na sebe.<\/p>\r\n\r\n<p>P\u0159ed\u00e1v\u00e1n\u00ed dat mimo Evropskou unii<\/p>\r\n\r\n<p>Data zpracov\u00e1v\u00e1me v\u00fdhradn\u011b v Evropsk\u00e9 unii nebo v zem\u00edch, kter\u00e9 zaji\u0161\u0165uj\u00ed odpov\u00eddaj\u00edc\u00ed \u00farove\u0148 ochrany na z\u00e1klad\u011b rozhodnut\u00ed Evropsk\u00e9 komise.<\/p>\r\n\r\n<p>Va\u0161e pr\u00e1va v souvislosti s ochranou osobn\u00edch \u00fadaj\u016f<\/p>\r\n\r\n<p>V souvislosti s ochranou osobn\u00edch \u00fadaj\u016f m\u00e1te \u0159adu pr\u00e1v. Pokud budete cht\u00edt n\u011bkter\u00e9 z t\u011bchto pr\u00e1v vyu\u017e\u00edt, pros\u00edm, kontaktujte n\u00e1s prost\u0159ednictv\u00edm e-mailu: info@lepidus.cz.<\/p>\r\n\r\n<p>M\u00e1te\u00a0<strong>pr\u00e1vo na informace<\/strong>, kter\u00e9 je pln\u011bno ji\u017e touto informa\u010dn\u00ed str\u00e1nkou se z\u00e1sadami zpracov\u00e1n\u00ed osobn\u00edch \u00fadaj\u016f.<\/p>\r\n\r\n<p>D\u00edky\u00a0<strong>pr\u00e1vu na p\u0159\u00edstup<\/strong>\u00a0n\u00e1s m\u016f\u017eete kdykoli vyzvat a j\u00e1 v\u00e1m dolo\u017e\u00edm ve lh\u016ft\u011b 30 dn\u00ed, jak\u00e9 va\u0161e osobn\u00ed \u00fadaje zpracov\u00e1v\u00e1me a pro\u010d.<\/p>\r\n\r\n<p>Pokud se u v\u00e1s n\u011bco zm\u011bn\u00ed nebo shled\u00e1te sv\u00e9 osobn\u00ed \u00fadaje neaktu\u00e1ln\u00ed nebo ne\u00fapln\u00e9, m\u00e1te\u00a0<strong>pr\u00e1vo na dopln\u011bn\u00ed a zm\u011bnu<\/strong>\u00a0osobn\u00edch \u00fadaj\u016f.<\/p>\r\n\r\n<p><strong>Pr\u00e1vo na omezen\u00ed\u00a0<\/strong>zpracov\u00e1n\u00ed m\u016f\u017eete vyu\u017e\u00edt, pokud se domn\u00edv\u00e1te, \u017ee zpracov\u00e1v\u00e1me va\u0161e nep\u0159esn\u00e9 \u00fadaje, domn\u00edv\u00e1te se, \u017ee prov\u00e1d\u00edme zpracov\u00e1n\u00ed nez\u00e1konn\u011b, ale nechcete v\u0161echny \u00fadaje smazat nebo pokud jste vznesl n\u00e1mitku proti zpracov\u00e1n\u00ed.<\/p>\r\n\r\n<p>Omezit m\u016f\u017eete rozsah osobn\u00edch \u00fadaj\u016f nebo \u00fa\u010del\u016f zpracov\u00e1n\u00ed. (Nap\u0159. odhl\u00e1\u0161en\u00edm z newsletteru omezujete \u00fa\u010del zpracov\u00e1n\u00ed pro zas\u00edl\u00e1n\u00ed obchodn\u00edch sd\u011blen\u00ed.)<\/p>\r\n\r\n<p><strong>Pr\u00e1vo na p\u0159enositelnost<\/strong><\/p>\r\n\r\n<p>Pokud byste cht\u011bli sv\u00e9 osobn\u00ed \u00fadaje vz\u00edt a p\u0159en\u00e9st k n\u011bkomu jin\u00e9mu, budeme postupovat stejn\u011b jako p\u0159i vyu\u017eit\u00ed pr\u00e1va na p\u0159\u00edstup \u2013 jen s t\u00edm rozd\u00edlem, \u017ee v\u00e1m informace dod\u00e1me ve strojov\u011b \u010diteln\u00e9 podob\u011b. Tady pot\u0159ebujeme alespo\u0148 30 dn\u00ed.<\/p>\r\n\r\n<p><strong>Pr\u00e1vo na vymaz\u00e1n\u00ed va\u0161ich \u00fadaj\u016f z\u00a0na\u0161\u00ed datab\u00e1ze (b\u00fdt zapomenut)<\/strong><\/p>\r\n\r\n<p>Va\u0161\u00edm dal\u0161\u00edm pr\u00e1vem je pr\u00e1vo na v\u00fdmaz (b\u00fdt zapomenut). Nechceme na v\u00e1s zapomenout, ale pokud si to budete p\u0159\u00e1t, m\u00e1te na to pr\u00e1vo. V takov\u00e9m p\u0159\u00edpad\u011b vyma\u017eeme ve\u0161ker\u00e9 va\u0161e osobn\u00ed \u00fadaje od ze sv\u00e9ho syst\u00e9mu i ze syst\u00e9mu v\u0161ech d\u00edl\u010d\u00edch zpracovatel\u016f a z\u00e1loh. Na zaji\u0161t\u011bn\u00ed pr\u00e1va na v\u00fdmaz pot\u0159ebujeme 30 dn\u00ed.<\/p>\r\n\r\n<p>V n\u011bkter\u00fdch p\u0159\u00edpadech jsme v\u00e1z\u00e1ni z\u00e1konnou povinnost\u00ed, a nap\u0159. mus\u00edm evidovat vystaven\u00e9 da\u0148ov\u00e9 doklady po lh\u016ftu stanovenou z\u00e1konem. V tomto p\u0159\u00edpad\u011b tedy sma\u017eeme v\u0161echny takov\u00e9 osobn\u00ed \u00fadaje, kter\u00e9 nejsou v\u00e1z\u00e1ny jin\u00fdm z\u00e1konem. O dokon\u010den\u00ed v\u00fdmazu v\u00e1s budeme informovat e-mailem.<\/p>\r\n\r\n<p><strong>St\u00ed\u017enost u \u00da\u0159adu na ochranu osobn\u00edch \u00fadaj\u016f<\/strong><\/p>\r\n\r\n<p>Pokud m\u00e1te pocit,\u00a0\u017ee s va\u0161imi \u00fadaji nezach\u00e1z\u00edme v souladu se z\u00e1konem, m\u00e1te pr\u00e1vo se se svou st\u00ed\u017enost\u00ed kdykoli obr\u00e1tit na \u00da\u0159ad pro ochranu osobn\u00edch \u00fadaj\u016f. Budeme moc r\u00e1di, pokud nejprve budete o tomto podez\u0159en\u00ed informovat n\u00e1s, abychom s t\u00edm mohli n\u011bco ud\u011blat a p\u0159\u00edpadn\u00e9 pochyben\u00ed napravit.<\/p>\r\n\r\n<p><strong>Odhl\u00e1\u0161en\u00ed ze zas\u00edl\u00e1n\u00ed newsletter\u016f a obchodn\u00edch sd\u011blen\u00ed<\/strong><\/p>\r\n\r\n<p>E-maily a \u010dl\u00e1nky \u010di produkty a slu\u017ebami v\u00e1m zas\u00edl\u00e1me, jste-li n\u00e1\u0161 z\u00e1kazn\u00edk na z\u00e1klad\u011b na\u0161eho opr\u00e1vn\u011bn\u00e9ho z\u00e1jmu.<\/p>\r\n\r\n<p>Pokud z\u00e1kazn\u00edkem je\u0161t\u011b nejste, pos\u00edl\u00e1me v\u00e1m je jen na z\u00e1klad\u011b va\u0161eho souhlasu. V obou p\u0159\u00edpadech m\u016f\u017eete ukon\u010dit odb\u011br na\u0161ich e-mail\u016f stisknut\u00edm odhla\u0161ovac\u00edho odkazu v ka\u017ed\u00e9m zaslan\u00e9m e-mailu.<\/p>\r\n\r\n<p>Ml\u010denlivost<\/p>\r\n\r\n<p>Dovolujeme si V\u00e1s ujistit, \u017ee na\u0161i zam\u011bstnanci i spolupracovn\u00edci, kte\u0159\u00ed budou zpracov\u00e1vat Va\u0161e osobn\u00ed \u00fadaje, jsou povinni zachov\u00e1vat ml\u010denlivost o osobn\u00edch \u00fadaj\u00edch a o bezpe\u010dnostn\u00edch opat\u0159en\u00edch, jejich\u017e zve\u0159ejn\u011bn\u00ed by ohrozilo zabezpe\u010den\u00ed Va\u0161ich osobn\u00edch \u00fadaj\u016f. Tato\u00a0<strong>ml\u010denlivost p\u0159itom trv\u00e1 i po skon\u010den\u00ed z\u00e1vazkov\u00fdch vztah\u016f s n\u00e1mi.<\/strong>\u00a0Bez va\u0161eho souhlasu nebudou va\u0161e osobn\u00ed \u00fadaje vyd\u00e1ny \u017e\u00e1dn\u00e9 jin\u00e9 t\u0159et\u00ed stran\u011b.<\/p>\r\n\r\n<p>Tyto z\u00e1sady zpracov\u00e1n\u00ed osobn\u00edch \u00fadaj\u016f plat\u00ed od 26. 6. 2019.<\/p>\r\n<p>[\/vc_column_text][\/vc_column][\/vc_row]<\/p><\/div>","protected":false},"excerpt":{"rendered":"<p>[vc_row css=&#8221;.vc_custom_1561570009144{padding-top: 60px !important;padding-bottom: 60px !important;}&#8221;][vc_column][vc_column_text] Podm\u00ednky zpracov\u00e1n\u00ed osobn\u00edch \u00fadaj\u016f [\/vc_column_text][\/vc_column][\/vc_row][vc_row][vc_column][vc_column_text] Ochrana osobn\u00edch \u00fadaj\u016f Pokud jste na\u0161\u00edm z\u00e1kazn\u00edkem, odb\u011bratelem novinek nebo n\u00e1v\u0161t\u011bvn\u00edkem webu, sv\u011b\u0159ujete n\u00e1m sv\u00e9 osobn\u00ed \u00fadaje. My zodpov\u00edd\u00e1me za jejich ochranu a zabezpe\u010den\u00ed. Pros\u00edm seznamte se s ochranou osobn\u00edch \u00fadaj\u016f, z\u00e1sadami a pr\u00e1vy, kter\u00e9 m\u00e1te v souvislosti s GDPR Kdo je spr\u00e1vce? Jsme<\/p>\n","protected":false},"author":1,"featured_media":0,"parent":0,"menu_order":0,"comment_status":"closed","ping_status":"closed","template":"","meta":{"footnotes":""},"class_list":["post-4048","page","type-page","status-publish","hentry"],"_links":{"self":[{"href":"https:\/\/www.tce-edm.cz\/index.php?rest_route=\/wp\/v2\/pages\/4048","targetHints":{"allow":["GET"]}}],"collection":[{"href":"https:\/\/www.tce-edm.cz\/index.php?rest_route=\/wp\/v2\/pages"}],"about":[{"href":"https:\/\/www.tce-edm.cz\/index.php?rest_route=\/wp\/v2\/types\/page"}],"author":[{"embeddable":true,"href":"https:\/\/www.tce-edm.cz\/index.php?rest_route=\/wp\/v2\/users\/1"}],"replies":[{"embeddable":true,"href":"https:\/\/www.tce-edm.cz\/index.php?rest_route=%2Fwp%2Fv2%2Fcomments&post=4048"}],"version-history":[{"count":3,"href":"https:\/\/www.tce-edm.cz\/index.php?rest_route=\/wp\/v2\/pages\/4048\/revisions"}],"predecessor-version":[{"id":4051,"href":"https:\/\/www.tce-edm.cz\/index.php?rest_route=\/wp\/v2\/pages\/4048\/revisions\/4051"}],"wp:attachment":[{"href":"https:\/\/www.tce-edm.cz\/index.php?rest_route=%2Fwp%2Fv2%2Fmedia&parent=4048"}],"curies":[{"name":"wp","href":"https:\/\/api.w.org\/{rel}","templated":true}]}}