{"id":1529,"date":"2017-02-09T14:04:48","date_gmt":"2017-02-09T14:04:48","guid":{"rendered":"http:\/\/consult.loc\/?page_id=1476"},"modified":"2026-04-20T07:46:45","modified_gmt":"2026-04-20T07:46:45","slug":"kontakt","status":"publish","type":"page","link":"https:\/\/www.tce-edm.cz\/?page_id=1529","title":{"rendered":"Kontakt"},"content":{"rendered":"<div class=\"wpb-content-wrapper\"><p>[vc_row css=&#8221;.vc_custom_1561654216771{padding-top: 60px !important;padding-bottom: 20px !important;}&#8221;][vc_column][vc_column_text el_class=&#8221;no_stripe&#8221;]<\/p>\n<h1><strong><span style=\"color: #0071bc;\">Kontakt<\/span><\/strong><\/h1>\n<p>[\/vc_column_text][vc_column_text css=&#8221;.vc_custom_1776290253447{padding-bottom: 20px !important;}&#8221; el_class=&#8221;no_stripe&#8221;]<\/p>\n<h5><span style=\"color: #000000;\">Spole\u010dnost <strong>TCE s.r.o. <\/strong>poskytuje slu\u017eby elektroerozivn\u00edho obr\u00e1b\u011bn\u00ed. V\u011b\u0159\u00edme, \u017ee stejn\u011b jako \u0159ada st\u00e1vaj\u00edc\u00edch u\u017eivatel\u016f, i Vy ocen\u00edte na\u0161e zku\u0161enosti a odbornost.<\/span><\/h5>\n<p>[\/vc_column_text][\/vc_column][\/vc_row][vc_row css=&#8221;.vc_custom_1561654208709{padding-bottom: 20px !important;}&#8221;][vc_column width=&#8221;1\/2&#8243;][vc_row_inner][vc_column_inner width=&#8221;1\/2&#8243;][vc_column_text css=&#8221;&#8221;]<\/p>\n<h5><strong>Kontaktn\u00ed \u00fadaje<\/strong><\/h5>\n<p><strong>TCE s.r.o. <\/strong><br \/>\nHusova 2637<br \/>\n440 01 Louny<\/p>\n<p>I\u010c: 03154297<br \/>\nDI\u010c: CZ 03154297<\/p>\n<p><a href=\"mailto:tce@volny.cz\">tce@volny.cz<\/a><br \/>\n<a href=\"mailto:info@tce-edm.cz\">info@tce-edm.cz<\/a><\/p>\n<p><strong>Bankovn\u00ed spojen\u00ed:<br \/>\n<\/strong>\u010d. \u00fa.: 264607295\/0300<br \/>\nK\u010d \u2013 \u010cSOB Louny[\/vc_column_text][\/vc_column_inner][vc_column_inner width=&#8221;1\/2&#8243;][vc_column_text]<\/p>\n<h5><strong>Kontakty na pracovn\u00edky<\/strong><\/h5>\n<p><strong>Jarom\u00edr Hol\u00fd<\/strong><br \/>\nvedouc\u00ed st\u0159ediska<\/p>\n<p><span class=\"tucne\">+420 607 185 551\u00a0<\/span><br \/>\n<a href=\"mailto:jholy@tce-edm.cz\">jholy@tce-edm.cz<\/a><\/p>\n<p>&nbsp;<\/p>\n<p><strong>Lubo\u0161 Prauz<\/strong><br \/>\ntechnik st\u0159ediska<\/p>\n<p>+420 724 040 040<br \/>\n<a href=\"mailto:lprauz@tce-edm.cz\">lprauz@tce-edm.cz<\/a>[\/vc_column_text][\/vc_column_inner][\/vc_row_inner][\/vc_column][vc_column width=&#8221;1\/2&#8243;][vc_row_inner][vc_column_inner][vc_column_text]<\/p>\n<h5><strong>Napi\u0161te n\u00e1m<\/strong><\/h5>\n<p>[\/vc_column_text]\n<div class=\"wpcf7 no-js\" id=\"wpcf7-f6-o1\" lang=\"cs-CZ\" dir=\"ltr\" data-wpcf7-id=\"6\">\n<div class=\"screen-reader-response\"><p role=\"status\" aria-live=\"polite\" aria-atomic=\"true\"><\/p> <ul><\/ul><\/div>\n<form action=\"\/index.php?rest_route=%2Fwp%2Fv2%2Fpages%2F1529#wpcf7-f6-o1\" method=\"post\" class=\"wpcf7-form init\" aria-label=\"Kontaktn\u00ed formul\u00e1\u0159\" novalidate=\"novalidate\" data-status=\"init\">\n<fieldset class=\"hidden-fields-container\"><input type=\"hidden\" name=\"_wpcf7\" value=\"6\" \/><input type=\"hidden\" name=\"_wpcf7_version\" value=\"6.1.5\" \/><input type=\"hidden\" name=\"_wpcf7_locale\" value=\"cs_CZ\" \/><input type=\"hidden\" name=\"_wpcf7_unit_tag\" value=\"wpcf7-f6-o1\" \/><input type=\"hidden\" name=\"_wpcf7_container_post\" value=\"0\" \/><input type=\"hidden\" name=\"_wpcf7_posted_data_hash\" value=\"\" \/><input type=\"hidden\" name=\"_wpcf7_recaptcha_response\" value=\"\" \/>\n<\/fieldset>\n<div class=\"form-group\">\n<span class=\"wpcf7-form-control-wrap\" data-name=\"your-name\"><input size=\"40\" maxlength=\"400\" class=\"wpcf7-form-control wpcf7-text wpcf7-validates-as-required\" aria-required=\"true\" aria-invalid=\"false\" placeholder=\"Jm\u00e9no\" value=\"\" type=\"text\" name=\"your-name\" \/><\/span>\n<\/div>\n\n<div class=\"form-group\">\n<span class=\"wpcf7-form-control-wrap\" data-name=\"email\"><input size=\"40\" maxlength=\"400\" class=\"wpcf7-form-control wpcf7-email wpcf7-validates-as-required wpcf7-text wpcf7-validates-as-email\" aria-required=\"true\" aria-invalid=\"false\" placeholder=\"E-mail\" value=\"\" type=\"email\" name=\"email\" \/><\/span>\n<\/div>\n\n<div class=\"form-group\">\n<span class=\"wpcf7-form-control-wrap\" data-name=\"phone\"><input size=\"40\" maxlength=\"400\" class=\"wpcf7-form-control wpcf7-text wpcf7-validates-as-required\" aria-required=\"true\" aria-invalid=\"false\" placeholder=\"Telefon\" value=\"\" type=\"text\" name=\"phone\" \/><\/span>\n<\/div>\n\n<div class=\"form-group\">\n<span class=\"wpcf7-form-control-wrap\" data-name=\"your-subject\"><input size=\"40\" maxlength=\"400\" class=\"wpcf7-form-control wpcf7-text wpcf7-validates-as-required\" aria-required=\"true\" aria-invalid=\"false\" placeholder=\"P\u0159edm\u011bt zpr\u00e1vy\" value=\"\" type=\"text\" name=\"your-subject\" \/><\/span>\n<\/div>\n\n<div class=\"form-group\">\n<span class=\"wpcf7-form-control-wrap\" data-name=\"your-message\"><textarea cols=\"40\" rows=\"10\" maxlength=\"2000\" class=\"wpcf7-form-control wpcf7-textarea wpcf7-validates-as-required\" aria-required=\"true\" aria-invalid=\"false\" placeholder=\"Zpr\u00e1va\" name=\"your-message\"><\/textarea><\/span>\n<\/div>\n\n<div class=\"form-group form-quiz\">\n<span class=\"wpcf7-form-control-wrap\" data-name=\"quiz-204\"><label><span class=\"wpcf7-quiz-label\">7+3<\/span> <input size=\"40\" class=\"wpcf7-form-control wpcf7-quiz\" autocomplete=\"off\" aria-required=\"true\" aria-invalid=\"false\" type=\"text\" name=\"quiz-204\" \/><\/label><input type=\"hidden\" name=\"_wpcf7_quiz_answer_quiz-204\" value=\"3356422ec3f1a987c1bc369ac53e29ca\" \/><\/span>\n<\/div>\n\n<div class=\"form-group\">\n<input class=\"wpcf7-form-control wpcf7-submit has-spinner\" type=\"submit\" value=\"ODESLAT\" \/>\n<\/div>\n\n<p class=\"form-note\">\nOsobn\u00ed \u00fadaje zadan\u00e9 do formul\u00e1\u0159e zpracov\u00e1v\u00e1me na z\u00e1klad\u011b \n<a href=\"\/podminky-pro-zpracovani-osobnich-udaju\/\">Podm\u00ednek pro zpracov\u00e1n\u00ed osobn\u00edch \u00fadaj\u016f<\/a>\n<\/p><div class=\"wpcf7-response-output\" aria-hidden=\"true\"><\/div>\n<\/form>\n<\/div>\n[\/vc_column_inner][\/vc_row_inner][\/vc_column][\/vc_row][vc_row full_width=&#8221;stretch_row_content_no_spaces&#8221; css=&#8221;.vc_custom_1485423323752{margin-bottom: -60px !important;}&#8221;][vc_column][vc_gmaps link=&#8221;#E-8_JTNDaWZyYW1lJTIwc3JjJTNEJTIyaHR0cHMlM0ElMkYlMkZ3d3cuZ29vZ2xlLmNvbSUyRm1hcHMlMkZlbWJlZCUzRnBiJTNEJTIxMW0xOCUyMTFtMTIlMjExbTMlMjExZDMyMTQuODY3MjUzNDkwNjk0NiUyMTJkMTMuODExNjk3Njc3MTU4ODE3JTIxM2Q1MC4zNTk0Nzg5NzE1NzUwNSUyMTJtMyUyMTFmMCUyMTJmMCUyMTNmMCUyMTNtMiUyMTFpMTAyNCUyMTJpNzY4JTIxNGYxMy4xJTIxM20zJTIxMW0yJTIxMXMweDQ3MGEyZmRlYzljMWIwYTElMjUzQTB4ZDRiOTYwMGJlYjJlZDY1ZCUyMTJzSHVzb3ZhJTI1MjAyNjM3JTI1MkMlMjUyMDQ0MCUyNTIwMDElMjUyMExvdW55JTI1MjAxJTIxNWUxJTIxM20yJTIxMXNjcyUyMTJzY3olMjE0djE3NzYyODg1MDE5NDklMjE1bTIlMjExc2NzJTIxMnNjeiUyMiUyMHdpZHRoJTNEJTIyNjAwJTIyJTIwaGVpZ2h0JTNEJTIyNDUwJTIyJTIwc3R5bGUlM0QlMjJib3JkZXIlM0EwJTNCJTIyJTIwYWxsb3dmdWxsc2NyZWVuJTNEJTIyJTIyJTIwbG9hZGluZyUzRCUyMmxhenklMjIlMjByZWZlcnJlcnBvbGljeSUzRCUyMm5vLXJlZmVycmVyLXdoZW4tZG93bmdyYWRlJTIyJTNFJTNDJTJGaWZyYW1lJTNF&#8221;][\/vc_column][\/vc_row][vc_row][vc_column][vc_column_text][\/vc_column_text][\/vc_column][\/vc_row]<\/p>\n<\/div>","protected":false},"excerpt":{"rendered":"<p>[vc_row css=&#8221;.vc_custom_1561654216771{padding-top: 60px !important;padding-bottom: 20px !important;}&#8221;][vc_column][vc_column_text el_class=&#8221;no_stripe&#8221;] Kontakt [\/vc_column_text][vc_column_text css=&#8221;.vc_custom_1776290253447{padding-bottom: 20px !important;}&#8221; el_class=&#8221;no_stripe&#8221;] Spole\u010dnost TCE s.r.o. poskytuje slu\u017eby elektroerozivn\u00edho obr\u00e1b\u011bn\u00ed. V\u011b\u0159\u00edme, \u017ee stejn\u011b jako \u0159ada st\u00e1vaj\u00edc\u00edch u\u017eivatel\u016f, i Vy ocen\u00edte na\u0161e zku\u0161enosti a odbornost. [\/vc_column_text][\/vc_column][\/vc_row][vc_row css=&#8221;.vc_custom_1561654208709{padding-bottom: 20px !important;}&#8221;][vc_column width=&#8221;1\/2&#8243;][vc_row_inner][vc_column_inner width=&#8221;1\/2&#8243;][vc_column_text css=&#8221;&#8221;] Kontaktn\u00ed \u00fadaje TCE s.r.o. Husova 2637 440 01 Louny I\u010c: 03154297 DI\u010c: CZ 03154297<\/p>\n","protected":false},"author":1,"featured_media":0,"parent":0,"menu_order":0,"comment_status":"closed","ping_status":"closed","template":"","meta":{"footnotes":""},"class_list":["post-1529","page","type-page","status-publish","hentry"],"_links":{"self":[{"href":"https:\/\/www.tce-edm.cz\/index.php?rest_route=\/wp\/v2\/pages\/1529","targetHints":{"allow":["GET"]}}],"collection":[{"href":"https:\/\/www.tce-edm.cz\/index.php?rest_route=\/wp\/v2\/pages"}],"about":[{"href":"https:\/\/www.tce-edm.cz\/index.php?rest_route=\/wp\/v2\/types\/page"}],"author":[{"embeddable":true,"href":"https:\/\/www.tce-edm.cz\/index.php?rest_route=\/wp\/v2\/users\/1"}],"replies":[{"embeddable":true,"href":"https:\/\/www.tce-edm.cz\/index.php?rest_route=%2Fwp%2Fv2%2Fcomments&post=1529"}],"version-history":[{"count":41,"href":"https:\/\/www.tce-edm.cz\/index.php?rest_route=\/wp\/v2\/pages\/1529\/revisions"}],"predecessor-version":[{"id":4154,"href":"https:\/\/www.tce-edm.cz\/index.php?rest_route=\/wp\/v2\/pages\/1529\/revisions\/4154"}],"wp:attachment":[{"href":"https:\/\/www.tce-edm.cz\/index.php?rest_route=%2Fwp%2Fv2%2Fmedia&parent=1529"}],"curies":[{"name":"wp","href":"https:\/\/api.w.org\/{rel}","templated":true}]}}